. Suppose 0*m - 5*m + 35 = k. What is the units digit of m?
7
Let t be (-76)/(-18) + 12/(-54). Let z = t + -1. Suppose -4*k = -k - z. What is the units digit of k?
1
Suppose x - 5*p - 73 = 0, 2*x - 37 = x - 4*p. What is the tens digit of x?
5
Suppose 0 = -4*n - 5*h + 44, 3*n + n = 2*h + 16. What is the units digit of 78/30 + n/(-10)?
2
Let y(a) = -5*a + 2. Let z be y(-2). Suppose q + z = -0*q. What is the tens digit of (32/q)/(2/(-15))?
2
Suppose -a + 16 = 3*a. Let x be (10/(-15))/(a/(-42)). Let j(l) = -l + 9. What is the units digit of j(x)?
2
Suppose 5*n = -5*a + 290, 2*a + 4*n - 50 - 74 = 0. What is the units digit of a?
4
Let x(y) = y**2 + 4*y + 9. What is the tens digit of x(-6)?
2
Suppose -3*p - 7 = -0*p - v, 0 = 3*v + 15. Let o be 8/(-3)*(p + 10). What is the units digit of 36/o*(-8)/3?
6
Let x = 58 - 41. Suppose m + 0*m = 4*k + 20, -4*m - 4*k = 0. Suppose -1 + x = m*v. What is the units digit of v?
4
Let y be (0 - -1)/(-2 + 3). Let k = -3 - -10. Suppose b - y = k. What is the units digit of b?
8
Suppose 4*a - 5*a - 4*m = -24, a - 4*m = 40. What is the tens digit of a?
3
Let y = 7 - 4. Suppose 0 = 4*m - y*r - 59, -4*r = -5*m - r + 73. What is the units digit of m?
4
Suppose 3*g = -g + 48. Let z be (-18)/4*(-4)/(-2). What is the tens digit of (g/z)/(2/(-21))?
1
Suppose 0 = 2*t - 155 - 95. What is the units digit of t?
5
Suppose -2*z - 23 + 205 = 0. What is the units digit of z?
1
Let d be 0/1 - (-2)/(-2). Let l = 0 - d. What is the units digit of (19 - l)/2 - 2?
7
Let d(j) = -15*j + 51. What is the units digit of d(-12)?
1
Let s(z) = z**3 + 9*z**2 + 3*z + 3. What is the tens digit of s(-6)?
9
Suppose 5*m = 5*j + 50, 15 = -3*j + 4*m - 15. Let d = j - -26. What is the units digit of d?
6
Let q = 0 + 2. Let y be (q - 1)/((-2)/(-18)). Let a = 2 + y. What is the units digit of a?
1
Suppose 0 = -3*v - 1 + 10. Suppose 2*m = -2*o + o + 41, 5*o = v*m - 55. What is the units digit of m?
0
Let h(v) = v**3 - 5*v**2 + 2. What is the units digit of h(5)?
2
What is the units digit of 16/6 + (-2)/3?
2
Let u(j) = -62*j + 23. What is the tens digit of u(-3)?
0
Suppose 0 = -4*a + 65 - 1. Suppose -l = -2*l + a. What is the tens digit of l?
1
Let x = -122 - -205. What is the tens digit of x?
8
Let h(y) be the first derivative of y**4/4 + 5*y**3/3 - 4*y**2 - y - 8. What is the tens digit of h(-6)?
1
Let u(g) = -g**3 + 3*g**2 + 2. Let j be u(3). Let r be ((-6)/(-3))/(j/5). Suppose 0 = -r*k + 13 - 3. What is the units digit of k?
2
Suppose -f - 5 = -4*d - 2*f, 0 = -2*d - 4*f + 20. Let w be 3 - (d - (-2 - -23)). What is the units digit of (w/10)/(4/10)?
6
Suppose -2*w = -5*g - w + 570, -4*g - w = -447. What is the hundreds digit of g?
1
What is the units digit of (96/(-10))/(21/(-70))?
2
Let d(v) = -v**3 + v**2 + v + 7. What is the units digit of d(0)?
7
Let d(a) = -3*a + 4*a - 6*a. What is the units digit of d(-1)?
5
Let h(d) = d**3 + d**2 + 13. Suppose -7*k = -3*k. What is the tens digit of h(k)?
1
Suppose 3*n + n = -4*s - 136, -4*s - 43 = n. Let x(a) = -a**3 + a**2 + 48. Let f be x(0). Let t = n + f. What is the tens digit of t?
1
Suppose -6*c + 40 = -c. What is the tens digit of (-549)/(-12) + 2/c?
4
Suppose 4*n - 110 - 397 = -j, 4*n = -3*j + 513. What is the tens digit of n?
2
Let s(r) = 2*r**2 - 5*r**2 - 1 + 2*r**2 - 2*r + 2*r**3. What is the units digit of s(2)?
7
Suppose 7 = -5*c + 5*g - 58, 30 = -2*c + g. Let p = c + 24. What is the units digit of p?
7
Let z = 7 + -4. Let b(t) be the second derivative of t**3/3 + 3*t**2/2 - 7*t. What is the units digit of b(z)?
9
Let g(q) = q**3 - 5*q**2 + q + 1. Let n be g(5). Suppose 0 = -4*j - 3*w + 24, -j + n*j = -2*w + 23. Suppose -27 - 9 = -j*v. What is the tens digit of v?
1
Let d = -1 + 11. Suppose 0 = -2*b + 10 + d. What is the tens digit of b?
1
Suppose -4*p + 5*a = -113, 4*a - 2*a = -2*p + 52. What is the tens digit of p?
2
Suppose 3*a - 9 = -0*a. Suppose -3*j + a*n - 12 = 0, j = 2*j - 2*n + 9. Let r(h) = 9*h**3 - h**2 + 1. What is the units digit of r(j)?
9
Let q(h) = 18*h - 1. Let f(u) = 19*u - 1. Let p(v) = -2*f(v) + 3*q(v). What is the tens digit of p(1)?
1
Let x = 17 - -7. Let m = x + 16. What is the units digit of m?
0
Let c be 312/14 + (-10)/35. Let d = c + -2. What is the units digit of d?
0
Suppose -4*x - x = -110. Let h = -12 + x. What is the tens digit of h?
1
Suppose 52 = -3*d - d. Let v = 14 + d. What is the units digit of v?
1
Suppose 0 = 13*p - 5*p - 1472. What is the hundreds digit of p?
1
Let c(n) = -10*n - 17. What is the units digit of c(-11)?
3
Let i(d) = d**3 - 4*d**2 + 2*d - 5. Let a be i(4). Suppose -5*p + a = -2*o, 2*o - 4*p + 1 = -o. What is the units digit of o?
1
Let d(h) = -122*h + 3. What is the tens digit of d(-2)?
4
Suppose 5 = -3*s - 4. Let p(y) = y**2 - 3. What is the units digit of p(s)?
6
Let s(q) = 25*q**3 + q**2. What is the tens digit of s(1)?
2
Let h be (-3)/(1*(0 + -1)). Let t be -2 + h/3 + -2. Let m = 2 - t. What is the units digit of m?
5
Suppose -2*b - y + 12 = 0, 2*b - 4*y + 8*y = 0. Suppose 3*d = b*d - 35. What is the units digit of (-2)/d + 23/7?
3
Let t be (-2)/((-3 + 2)*1). Suppose -3*v + 7 = 2*g, -2*v + 2 = t*g + 2*v. What is the units digit of g?
1
Suppose p + p = 4. What is the units digit of 6/p - (-5)/1?
8
Let w be 0/((-2)/(-1)) + -1. Let h be 4/1 - w/(-1). Suppose h = y - 3. What is the units digit of y?
6
Let o(h) = h**3 + 17*h**2 + h + 51. What is the hundreds digit of o(-16)?
2
Let o(d) = d**3 + 12*d**2 + 10*d - 3. Let j(t) = -2*t - 2. Let h be j(-4). Suppose 55 = s - h*s. What is the units digit of o(s)?
8
Let z = 120 + -72. What is the units digit of z?
8
Suppose 0 = -5*s + 341 + 394. What is the units digit of s?
7
Suppose -o - 5*r + 4 = -5, 2*r - 2 = 0. Suppose 0 = 4*k - o*x - 68 - 24, 56 = 2*k - 4*x. What is the tens digit of k?
1
Suppose 2*q = 3 - 1. Let j be 3/(-1) + (-1 - q). What is the units digit of (7/3)/(j/(-15))?
7
Let r be (-3 - (-3 - -1))*11. Let w = 1 - r. What is the units digit of w?
2
What is the tens digit of 17/(-2)*(-12)/3?
3
What is the units digit of (133/(-21) + 7)/(1/21)?
4
Let g(a) = 2*a**2 - 5 + a + 1 + 2*a**2 + 3. Let d be g(1). Suppose -18 = -o + d*f, 4*o - 4*f + 2*f - 44 = 0. What is the units digit of o?
0
Let q = -74 + 25. Let g = -21 - q. What is the units digit of g?
8
Let r(p) = p**2 + 9*p - 14. What is the tens digit of r(-15)?
7
Suppose 11*l = 9*l + 244. What is the hundreds digit of l?
1
Suppose 5*f + 4*a - a - 20 = 0, 0 = -3*a - 15. What is the units digit of f?
7
Let d = 12 - 10. Suppose 4*g + 0*g - 5*q = 73, -14 = -d*g - 2*q. What is the units digit of g?
2
Let c(k) = k**2 - k + 3. Let h be c(0). Let y(g) = -h + 0 + 2 + 2*g. What is the tens digit of y(6)?
1
Let g(k) = -k**2 + 4*k + 4. Let x be g(6). Let o = 12 + x. What is the units digit of o?
4
Let d be 34/9 + 16/72. Suppose p = d*t + 19, -t - 7 = -5*p + 12. Suppose -v = -4*l - 2, -2*v = -3*l - p - 11. What is the tens digit of v?
1
Let i(f) = -f**3 - 3*f**2 + 17*f + 5. What is the tens digit of i(-7)?
8
Let g = 2 - 1. What is the tens digit of (-71)/(-4) - g/(-4)?
1
Let r = -166 + 319. What is the units digit of r?
3
Suppose 2*u = 6*u - 108. Suppose 5*t - u = 28. What is the units digit of t?
1
Let b(g) = g**2 - 7*g - 5. Let r be 8 - ((-1 - 1) + 2). Let k be b(r). Suppose 0 = -5*z - 3*a + 50, -k*z = -7*z - 2*a + 42. What is the units digit of z?
3
Suppose -2*c = -2 - 8. Let h = c - 4. What is the units digit of h?
1
Let z = -403 + 702. What is the units digit of z?
9
Let t(i) be the second derivative of 5*i**4/3 + i**3/3 - i**2/2 + 4*i. What is the tens digit of t(1)?
2
Let z(h) = h + h**2 + h**3 + 8 + 0*h**3 - 2*h**3 - 2. Let m be z(0). What is the tens digit of (-5)/(15/m) - -13?
1
Let z(y) = y**2 + 5*y - 7. Let m(j) = j + 5. Let v be m(-13). What is the units digit of z(v)?
7
Let c be (6/4)/(9/(-60)). Let b = 20 - c. What is the tens digit of b?
3
What is the units digit of (-59 - 2)/((6/4)/(-3))?
2
Suppose -3*p + u = -275, 3*p - 278 = -0*u - 2*u. What is the tens digit of p?
9
Let w(t) = -6*t + 2*t + t + 2*t. What is the units digit of w(-1)?
1
Suppose p - 4 = l, 5*p - l - 11 = 13. Suppose -g + p - 3 = 0. Suppose 0 = -0*w - g*w + 2. What is the units digit of w?
1
Let p = -179 - -311. Suppose 2*f - 6*f = -p. Let m = f - 20. What is the units digit 